) = j**3 - j**2 + 16*j - 48. Let q be o(5). What is the highest common factor of 66 and q?
66
Let r(o) = o**3 - 20*o**2 - o + 96. Let s be r(20). Calculate the greatest common factor of s and 988.
76
Let f = -789 + 792. Let n(m) = 5*m. Let j be n(1). Suppose -5*r + r - 3*s = -1, -j*r + f*s = -8. What is the highest common divisor of r and 8?
1
Let i be 16/5 - (-5)/(-25). What is the greatest common factor of i and 3?
3
Let z be 79 + 0 - (11 + 14/(-2)). What is the greatest common divisor of 135 and z?
15
Let a(o) = 8*o - 8 + 6*o - o. Let d be a(13). What is the highest common factor of d and 23?
23
Suppose -3 = -3*u, -2*s - 3*u + 0*u = -4011. Suppose 0 = -10*v + s + 1686. Calculate the greatest common divisor of 41 and v.
41
Let c = 122 + -23. Suppose 0 = -5*y + 4*y + 37. Suppose 0 = -5*x - 2*m + 16 + y, -4*x + 48 = 3*m. What is the highest common divisor of c and x?
9
Suppose -11*d + 9*d = 100. Let q = 88 + d. Let v = -34 + q. What is the greatest common divisor of 32 and v?
4
Let j(p) = 3*p**2 - 30*p + 9. Let i be j(10). Calculate the greatest common factor of 171 and i.
9
Let b(n) = 21*n - 65. Let i be b(10). Calculate the greatest common divisor of i and 87.
29
Let y(q) = 15*q - 285. Let v be y(20). What is the highest common divisor of 15 and v?
15
Let d(l) = -7*l + 22. Let w be d(-6). Calculate the greatest common divisor of 96 and w.
32
Let s be (-7 + -5 - -150)*(-3)/(-2). What is the highest common divisor of 23 and s?
23
Let q be (60/10 + -8)/((-8)/132). What is the greatest common factor of q and 385?
11
Suppose 3*o + 2*n = 10, -3*n - 2 = 2*o - 6*o. Suppose 0 = 3*q + o - 86. What is the highest common divisor of 4 and q?
4
Let z(q) = -4*q**2 - 60*q + 6. Let x be z(-15). Let r(m) = 4*m**3 - 2*m + 2. Let p be r(2). Let s = p + -15. What is the greatest common factor of x and s?
3
Let g be -52*(-3)/((-3)/(-2)). Suppose -4*k + 32 = r, 5*r + k - 113 = g. What is the greatest common divisor of 4 and r?
4
Suppose 5*d = b - 0*b + 428, -d = -2*b - 91. What is the greatest common divisor of d and 68?
17
Let c = -383 + 384. Calculate the greatest common divisor of 16 and c.
1
Let z = 405 - 220. What is the greatest common divisor of z and 5?
5
Let n be (-48)/(-2)*(4 - 14/4). Calculate the greatest common factor of 44 and n.
4
Let v be 5/(-1*2/(-4)). Let j(m) = -m**3 + 8*m**2 + 6*m - 2. Let z be j(3). Let d = z - 41. Calculate the highest common divisor of v and d.
10
Suppose 10 + 65 = 3*j. Let l be j/15 - (-3)/9. Let m = l - -14. What is the highest common divisor of m and 8?
8
Let w be (-6)/4*(-222)/9. Suppose -w = -k + h, k - 2*k + 27 = -3*h. Suppose -r = -3*r + k. Calculate the highest common divisor of r and 3.
3
Let a(q) = 17*q**2 - q. Suppose 5*l + 11 + 24 = 0. Let b = 6 + l. Let w be a(b). What is the highest common divisor of w and 90?
18
Suppose 3*k - 64 = -43. Calculate the highest common divisor of k and 7.
7
Suppose -3*i + 5*o + 38 = 0, -116*i - 14 = -117*i + o. Let r = -4 + 6. Calculate the highest common divisor of i and r.
2
Suppose 4*j + 84 = 2*r, -3*r + 27 = 4*j - 69. Let w be (-2)/((-2)/9)*-1. Let g be (-79)/w + 4/18. Calculate the highest common divisor of r and g.
9
Let u(k) = -22*k + 8*k**2 + 7*k**2 + 24 + 6*k**3 - 2*k**3 - 3*k**3. Let w be u(-16). Calculate the highest common factor of w and 40.
40
Let s(o) = 3*o**2 + 6*o + 28. Let l be s(14). What is the greatest common divisor of 40 and l?
20
Suppose -32 - 20 = -4*f. Let r(y) = 6*y - 1. Let b be r(1). Suppose b*x - 4*q - 195 = 0, -q - 156 = -4*x - 0*q. What is the highest common divisor of f and x?
13
Let p = 202 + -198. Let n be 1/(2/2) - -3. Calculate the greatest common divisor of p and n.
4
Let h be (-6)/(-4) + (-1545)/(-618). Let x(a) = 2*a**3 - a**2 + 1. Let d be x(1). Calculate the greatest common factor of h and d.
2
Suppose -1212 + 3516 = 24*j. Calculate the highest common divisor of j and 32.
32
Suppose 2198 = 3*j + 2030. What is the greatest common factor of 896 and j?
56
Let i = -182 + 217. Calculate the greatest common divisor of i and 21.
7
Suppose -4*s + 5*s - 5 = 0, -4*v = s - 1409. Suppose 5*p - v = -3*a, -6*p + p - a + 357 = 0. Calculate the greatest common divisor of 8 and p.
8
Suppose -473*l + 75 = -468*l. Calculate the greatest common factor of l and 480.
15
Let s = -120 + 106. Let f(d) = -5*d + 14. Let t be f(s). Calculate the highest common divisor of t and 56.
28
Let w be 3*16 + (-20)/10. What is the highest common divisor of w and 23?
23
Let r(v) = 35*v**2 + v + 11. Let g be r(-4). Suppose -8*t + g = t. What is the greatest common factor of t and 9?
9
Let f(t) = t**2 - 3*t - 2. Let p be f(4). Suppose 2*b = p*i + 98, -b + 71 = 5*i - 8. Calculate the greatest common factor of 81 and b.
27
Let b = 26 - 2. Let i be 9 - (-13 + 98/(-7)). Calculate the highest common divisor of b and i.
12
Suppose -8*w + 11*w = 93. Let b = 59 - w. What is the highest common divisor of b and 14?
14
Let b be 26/(-8)*((-5 - 174) + 3). Calculate the highest common factor of b and 13.
13
Suppose -5*a + 80 = 5*d, 0 = -a - 0*a + 4. Suppose -3*r - 36 = -72. Suppose -r*k + 72 = -9*k. What is the highest common divisor of k and d?
12
Let i be 0/((3 - 0) + -4). Suppose 0*y + y - 220 = i. What is the highest common divisor of 20 and y?
20
Let h(t) = -4*t - 5. Let r be h(-2). Let w(y) = r + 4 - 4 - y. Let f be w(0). Calculate the greatest common factor of f and 6.
3
Suppose 45 = 8*u - 3*u. Suppose 26*o + 1220 = 31*o. Suppose o = 4*j - 44. What is the highest common factor of u and j?
9
Let s(g) = g**2 + 6*g - 3. Suppose -10*m = -8*m + 16. Let v be s(m). Calculate the highest common factor of v and 13.
13
Let k = -5 - -193. What is the highest common divisor of k and 4?
4
Suppose 2*g - 12*l = -9*l + 222, -2*l - 220 = -2*g. Suppose -6 + 18 = f. What is the greatest common factor of g and f?
12
Let f(i) be the second derivative of 3*i**5/20 - i**4/3 + i**3/2 + i**2 - 15*i. Let r be f(2). Let h = 104 - 40. What is the highest common divisor of r and h?
16
Let t(d) = -4*d - 5. Let w be t(-5). Let c = 6579 + -6534. What is the greatest common divisor of c and w?
15
Let k be (1 - (-79)/5)*20/3. Calculate the highest common divisor of k and 42.
14
Let o be 29/(1595/66)*(-220)/(-3). What is the highest common divisor of o and 110?
22
Let r = 3 + 6. Suppose 0*a = -2*a + 36. Calculate the highest common divisor of r and a.
9
Suppose -14 = -2*x - 2*c + 30, 5*x + 2*c - 110 = 0. Calculate the greatest common divisor of 374 and x.
22
Suppose 2*m - 8 + 2 = 0. Let t = m - -4. Suppose -3*u + 221 = -2*i, 0 = -u - 4*i + 110 - 13. Calculate the greatest common divisor of t and u.
7
Let w be 4 + -1 - (-2 + 3). Suppose w*u - 3 = -u. Suppose -14 = -r + u. What is the greatest common factor of 45 and r?
15
Let u = 1180 + -634. Calculate the greatest common divisor of u and 78.
78
Suppose m = -3 - 3. Let x = m - -8. Suppose 5*i + 68 = 3*g, -g + x*i + 24 = i. Calculate the highest common factor of g and 286.
26
Let h be 14 - -4 - (-14 - -8). Calculate the highest common divisor of h and 432.
24
Let f = -1444 + 1492. Let h = 53 - 29. What is the highest common factor of f and h?
24
Let b be (-149)/7 + 10/35. Let q be (154/b)/(2/(-66)). What is the highest common factor of 22 and q?
22
Suppose -3*o = 8*h - 13*h + 1026, -5*h + 1010 = 5*o. What is the greatest common factor of 12 and h?
12
Let g(o) = -16*o**3 + 2*o**2 + 2*o - 2. Let d = 91 - 93. Let m be g(d). Let q be (1 - -11 - -1)*4. Calculate the highest common divisor of q and m.
26
Let u be 142/6 - (-16)/12. Let x = 23 - -2. What is the highest common divisor of x and u?
25
Suppose -7*k + 13*k - 114 = 0. Let h(g) = 3 - 5 + 4*g**2 - 2*g**2 + 3. Let u be h(3). Calculate the highest common divisor of k and u.
19
Let q(k) = 15*k**2 - 3*k**2 + 3*k + 0*k**3 + k**3 + 14. Let i be q(-9). Calculate the highest common factor of i and 92.
46
Let a = -32 + 525. What is the greatest common divisor of a and 58?
29
Suppose 3*l - 5*g = 130, -l + 3*l + 5*g = 45. Calculate the highest common factor of 119 and l.
7
Let a = -30 - -34. Let w be 23/a*(19 + 1). What is the highest common divisor of 5 and w?
5
Suppose 54 = 11*l - 8*l. Calculate the highest common factor of l and 81.
9
Suppose -158 = -5*s + 32. Let v be ((-862)/4)/(2/(-4)). Suppose -v = -4*k - 51. Calculate th